 d(i) = 3*i**2 + 4*i + 6. Let w(b) = 9*d(b) - 4*t(b). Let y be w(x). Give q(y).
-5
Suppose -6*r + 2*r - 3*k = 32, -3*k = -3*r - 3. Let y(f) = f**3 + 7*f**2 + 0*f**3 - 2*f**2 + 0*f**3 - 2 - f. Determine y(r).
3
Let k(g) be the second derivative of 7*g**4/3 + g**3/6 - g**2/2 - 31*g. Give k(1).
28
Let c be ((-3)/(-4))/(-3)*0. Let p(o) = o**3 + o**2 - 4. Calculate p(c).
-4
Let p(l) = -l**2 - 7*l + 1. Suppose 2*y - 5 - 1 = 0. Suppose y*s + 11 = -7. Give p(s).
7
Let z(d) = d**3 - 1. Let v(w) = 4*w**3 - 5*w**2 - w - 3. Let g(r) = 4*r**3 - 5*r**2 - 2. Let i(s) = -5*g(s) + 6*v(s). Let x(p) = i(p) - 5*z(p). Determine x(-4).
5
Suppose -2*v + 3 - 1 = 0. Let m(f) = -f**3 - f**2 - f. Let s(n) = 8*n**3 + 3*n**2 + 4*n + 1. Let y(q) = -4*m(q) - s(q). What is y(v)?
-4
Let l(q) = 4*q - 1 + 83*q**2 - 40*q**2 - 44*q**2. Calculate l(3).
2
Let r(k) = -k**2 - 13*k - 2. Let u be r(-13). Let f be ((-4)/(-3))/(u/(-6)). Let s(o) = -6*o - f*o + 0*o. Give s(1).
-10
Let j(p) = -p**2 - 5*p - 3. Let c be j(-4). Let x(n) = -8*n**2 + 2*n - 1. Give x(c).
-7
Let k(b) = 6*b**2 - b + 1. Suppose h - 5 = -4*h. Calculate k(h).
6
Suppose 3*y = -2*y + 5*v - 35, 5*y + 2*v = 0. Let r(j) = -j**3 - j**2 + 2. Let l be r(y). Let z = 10 - l. Let m(p) = p**3 - 5*p**2 + 4*p - 5. Determine m(z).
-5
Let f(b) be the first derivative of 6*b + 1/4*b**4 + 1 - 2*b**3 - b**2. What is f(6)?
-6
Let h(i) = 6 - 61*i + 127*i - 67*i. Calculate h(5).
1
Suppose 6*x = 3*x + 9, 4*r - 4*x = -92. Let b be 8/r - (-22)/5. Let n(o) = o**2 + 3*o + 2 + 3 + b*o. Determine n(-5).
-5
Let p be 0*5/(100/5). Let i(x) be the first derivative of -1 - 1/4*x**4 + p*x**3 + 0*x + 1/2*x**2. Calculate i(1).
0
Let t(m) = m**2 + 5*m - 1. Let v be t(-3). Suppose -24 + 0 = -3*s. Let u = v + s. Let p(d) = -6*d**2 - d + 1. What is p(u)?
-6
Let b(d) = 8*d**2 - 2*d + 1. Suppose 0 = -p + 6*p + 15. Let u = -2 - p. What is b(u)?
7
Suppose 44 = 9*t - 46. Let n(c) = c**3 - 10*c**2 + c - 12. Give n(t).
-2
Let u(p) = -2*p + 5 + 2*p + 5*p - p**2. What is u(6)?
-1
Let l = -5 - -6. Let h(m) = m**2 + 3*m**2 + 5*m - 3*m**2 + l + 0*m**2. Calculate h(-6).
7
Let v(k) = -2 - 39*k**2 + 2 + 36*k**2 + k**3 - 2*k. Calculate v(4).
8
Let w(d) = -8*d**3 + 14*d**2 + 2*d + 2. Let k(v) = 3*v**3 - 5*v**2 - v - 1. Let h(q) = -11*k(q) - 4*w(q). Determine h(-2).
1
Let m = 2 + -3. Let i be m/(0 + 2/2). Let t(d) = -2*d + 0*d - 1 + 4*d**3 - d**2 + 0*d. Calculate t(i).
-4
Let d(r) be the first derivative of -r**2/2 - 4*r + 3. What is d(0)?
-4
Let j(d) = d + 4. Let s be (1/3)/((-21)/126). Determine j(s).
2
Let k(u) = -u + 3. Let p(y) = -y**3 - 14*y**2 - 14*y - 10. Let x be p(-13). Suppose n = -x*n. Calculate k(n).
3
Let g(t) be the first derivative of 4/3*t**3 + 1/4*t**4 + t**2 + 6 + 2*t. Determine g(-4).
-6
Let z(o) = -7*o**2 - 4*o + 6. Let t(m) = 6*m**2 + 3*m - 5. Let s(h) = -6*t(h) - 5*z(h). Give s(5).
-15
Let z be 31/4 + 5/20. Suppose -5*r = 3*f - 38, 5*r + z = 4*f + r. Let t(y) = y + 5. Determine t(f).
11
Let w(s) = s**3 + s + 2. Let g be (0/(2 + -5))/(-2). Let k = 0 - g. Give w(k).
2
Let p(a) = a**3 + a**2 + a + 6. Let x = -6 + 6. Suppose 0 = -2*s - x*s. What is p(s)?
6
Let z = -29 + 74. Let j be (-6)/8 - z/(-12). Let b(n) = 1 - 2 + 2 + 2*n + j + n**2. What is b(-3)?
7
Let a(z) be the first derivative of -3 + 4*z - 7/2*z**2 + 2*z**3 - 1/4*z**4. Give a(5).
-6
Let f(v) = v - 2. Suppose 2*q = -3*c + 5, 5*c - 14 = -q - 1. Let s(d) = d - 1. Let k(o) = q*f(o) + 5*s(o). Calculate k(2).
5
Let y = 0 - -3. Let o(l) = -3*l + y*l + 2*l**2 - 1 + l + 0*l. Give o(-2).
5
Suppose -h + 11 = 2*c, 3*c - 16 = -1. Let k(n) = n - h - n + 2*n. What is k(1)?
1
Suppose 56*g - 58*g = 10. Let d(p) = -p**3 - 4*p**2 + 2*p + 1. Give d(g).
16
Let z(y) = 3*y**2 - 5*y + 6. Let g(w) = 10*w**2 - 15*w + 18. Let d(h) = 2*g(h) - 7*z(h). Give d(5).
-6
Let z(w) = w**3 - 3*w**2 + 3*w - 1. Let m(x) = x**2 - 2*x + 3. Let r be m(3). Let u = r + -3. What is z(u)?
8
Suppose o = -5*t + 13, 0*t + 4 = 5*t - 2*o. Let a(h) be the third derivative of -h**6/120 + h**5/60 + h**4/8 - h**3/2 + 2*h**2. Calculate a(t).
-1
Suppose 4*x = -5*f + 34, -5*x + 5*f = 4*f - 28. Suppose -3*p + p = -x. Let k(j) = -2*j - p*j + 6*j. Give k(-4).
-4
Let x(s) = s**2 - 4*s - 2. Let j be x(5). Let f(z) = -2 - 2*z**2 + j*z + 4 + z - z**3. What is f(-3)?
-1
Let b be (4 - 56/12)*6. Suppose -2*g - 5 = 5*s, -4*g + 8*s - 4*s + 4 = 0. Let w(a) = -4 - 5*a**2 + g*a**3 - 2*a - 3*a - a**3. What is w(b)?
0
Let y(g) be the first derivative of -5*g**3/3 - g - 27. Give y(1).
-6
Suppose -4 = -g + 3*g + c, 5*g + 10 = -2*c. Let w(t) = t**3 - t + 1. Give w(g).
-5
Let v(q) be the first derivative of q**4/4 + q**3/3 - q**2/2 - q - 1. Let i be (-1)/(9/(-6) + 1). Suppose 2*t - 4 = 3*o, 3*o - i*t + 10 = 3*t. Determine v(o).
-1
Suppose -3*w = c - 45, -5*w = -0*w + 2*c - 76. Suppose -6*r + 4*r + w = 0. Let d(v) = -r*v**3 + 1 + 0*v**2 + v**3 - 2*v**2. What is d(-1)?
5
Let u(a) = -a**2 + 6*a - 1. Suppose -5*g + 15 + 15 = 0. Give u(g).
-1
Suppose 5*b - 8*b = 15. Let n(r) = -2*r - 5. Give n(b).
5
Let s(j) = j - 4. Let t(g) = -g + 7. Let q(i) = -10*s(i) - 6*t(i). Let p = 1 + 0. Let f be 3/(-6)*(-3 - p). Give q(f).
-10
Let n(x) = -2*x**2 - x. Let g(b) = -b**2 - 2*b + 1. Let f(t) = 3*g(t) - 2*n(t). Suppose 0*h + h = 30. Let z be ((-6)/(-5))/(9/h). Determine f(z).
3
Let y(z) = z**3 + 2*z**2 + z - 2. Suppose -2*o + 8 = 3*j + 3*o, 0 = -3*j + 4*o + 53. Let k = -13 + j. Determine y(k).
-4
Let f(z) = z**3 + z**2 - z. Let q(m) = -2*m - 15. Let j be q(-7). Let v(l) = -6*l**3 + 2*l**2 - l + 6. Let o(a) = j*v(a) - 5*f(a). Give o(6).
-6
Let j(c) be the third derivative of c**5/60 - c**4/3 + c**3 - 6*c**2. Determine j(6).
-6
Let t(z) be the second derivative of z**4/12 - z**3/6 + 2*z**2 - z. Suppose -5*b + 15 = 0, 2*q + 0 = b - 3. Calculate t(q).
4
Suppose 5*p - 50 = -5*x + 2*x, 4*p - x - 23 = 0. Let v(o) = -o**3 + 7*o**2 - o + 6. Calculate v(p).
-1
Let p(t) = -t**3 + t. Let o = -32 - -31. Give p(o).
0
Let v(f) be the first derivative of f**3/6 - 4*f**2 + 5*f + 5. Let l(g) be the first derivative of v(g). What is l(0)?
-8
Suppose -4*b = -9*b - 3*a + 16, -5*b = -5*a. Suppose -4*x + 20 = 4*l, -3*x - 1 = -b*l - 3*l. Let v(w) = -x - w**2 + 0 + 4*w + 0. Calculate v(4).
-3
Let g(a) be the third derivative of a**4/24 + a**3 - 6*a**2. Let s be (0 + 1)/(1/(-6)). Determine g(s).
0
Let m(g) = g + 8. Let q(p) = -7. Let x(k) = -6*m(k) - 7*q(k). Give x(-2).
13
Let q(p) = p**3 + 5*p**2 + 5*p. Let f be q(-4). Suppose -2*s = 5*y - 4*y - 4, 0 = -4*s + 3*y + 18. Let a(x) = 4 + x**3 + s*x + 5*x**2 - 3 + 1. Calculate a(f).
6
Let f be 4/10 + 112/20. Let w(j) = 3*j**3 - 8*j**2 + 2. Let l(i) = -4*i**3 + 9*i**2 - 3. Let h(a) = -2*l(a) - 3*w(a). What is h(f)?
0
Let k(v) = -v**2 - v - 1. Let o(y) = 3*y**2 - 2*y + 9. Let q(t) = 4*k(t) + o(t). Determine q(-4).
13
Let l(a) be the third derivative of -a**6/120 - a**5/30 + 7*a**4/24 + a**3 + 41*a**2. What is l(-4)?
10
Let u(r) = 8 + 6*r**2 + 0 - 8. Suppose 2*w = -4 + 2. What is u(w)?
6
Let u(h) = -2*h - 3*h**3 + 0*h - 3*h**2 + 2*h**3 + 4 + 2*h**3. Calculate u(3).
-2
Let y = -31 - -56. Suppose -y = -4*q - 1. Let z = q - 12. Let b(d) = d**2 + 7*d. What is b(z)?
-6
Let o(l) = -l**2 + 7*l + 4. Let y be o(7). Let n = -54 - -78. Suppose -4 + n = -y*x. Let h(c) = c**3 + 4*c**2 - 6*c - 7. Calculate h(x).
-2
Let u(v) be the second derivative of -v**5/20 + 5*v**4/12 - v**3/2 - 5*v**2/2 - v. Suppose -5*m = -3*w - 14, 2*w + 3*w + 2 = 3*m. Determine u(m).
-1
Let c(d) = d**2 - 5*d - 3. Suppose 6 = 2*f - f - 4*u, 4*u - 12 = -2*f. Give c(f).
3
Suppose -d + 15 = 20. Let g(y) = -y**3 - 5*y**2 - 3*y - 7. Give g(d).
8
Suppose 3*x - 7 = -1. Suppose h - 2*h = -1. Let l(m) = 3*m**x - 5*m**2 + m**2 + h + m**3. Determine l(1).
1
Let w(i) be the second derivative of -i**4/12 - i**3/2 + i**2 - i. Calculate w(-4).
-2
Let f(a) = -a**2 + 6*a - 4. Let o be (-20)/(-6) + (-10)/30. Suppose 4*v + 2 = o*v. Let q be (-74)/(-14) - v/(-7). Determine f(q).
1
Let a be (10/(-4))/(4/(-8)). Let m(b) = -2 + 2*b - a - b. Give m(4).
-3
Let s(h) = h**3 - 5*h**2 - 5*h. Let t(v) = v**3 - v**2 - v + 1. Let w(j) = s(j) - 2*t(j). What is w(-3)?
7
Let g(b) = b**2 - b - 5. Let c be g(0). Let f(z) = -z - 6. Let s be f(c). Let a be (2*s)/((-8)/(-20)). Let q(r) = 3*r + 7. Give q(a).
-8
Let c = 51 - 49. Let k(m) be the seco